b, -12 = 3*j. What are the prime factors of f?
5, 19
Let i(y) = -y**3 + 17*y**2 - 11*y + 13. Let r be i(16). Let s = r - 45. What are the prime factors of s?
2, 3
Let c = 98 - -33. Let l = c - 35. Suppose 0*b + l = b. List the prime factors of b.
2, 3
Let i(m) = m**2 - m - 16. Let j be i(-4). Let n(v) = 2 + 4 + 0*v**2 - 30*v - v**2 + j. What are the prime factors of n(-17)?
3, 7, 11
Let h be (3/(-2))/(36/(-48)). Suppose -2*v - h*c + 1111 = 19, 0 = -2*v - 4*c + 1084. Suppose -v = -3*x - 2*x. What are the prime factors of x?
2, 5, 11
Let a = -28745 - -41319. What are the prime factors of a?
2, 6287
Let b be 3*(-1)/9*-6. Suppose -5*s + b*y + 4599 = 0, 8*y = -s + 12*y + 927. List the prime factors of s.
919
Suppose b = -o + 11, 5*o - b + 0*b = 73. Suppose 0 = -o*n + 9*n + 435. List the prime factors of n.
3, 29
Suppose 82*h = 606490 + 473891 + 335595. List the prime factors of h.
2, 3, 1439
Let d = 309 - 311. What are the prime factors of d + -5 - -8 - -519?
2, 5, 13
Suppose 0 = -1070*j + 1069*j + 254. Suppose 2*a = g + 2680, 0 = a - 2*g - j - 1080. What are the prime factors of a?
2, 11, 61
Suppose -66347 = -5*y - 4*d + 25458, 3*d + 55083 = 3*y. What are the prime factors of y?
7, 43, 61
Suppose s - 165 = 4*s. Let f be -1*(16 - (-3 + -1) - 1). Let p = f - s. List the prime factors of p.
2, 3
Let u(o) = -o + 2*o**2 + 9*o + 2*o**3 + 10 - 30*o. List the prime factors of u(6).
2, 191
Suppose -23*f + 65545 = 58072 - 114174. List the prime factors of f.
3, 41, 43
Suppose 12*t = -24295 + 71131. List the prime factors of t.
3, 1301
Let q(d) = -d**3 - 12*d**2 - 12*d - 5. Let y be q(-11). Suppose y - 61 = -11*x. List the prime factors of 543/5 + 224/(-40) + x.
2, 3
Let d(z) = 14*z**3 - 6*z**2 + 6*z + 9. Let t be d(6). Let g = t + -2030. List the prime factors of g.
823
Let h be -8*-3*(-3)/18 - -16. What are the prime factors of 8/h - ((-1810)/(-3))/(-1)?
2, 151
Let n(o) = -36259*o**3 - 9*o**2 + 9*o + 10. What are the prime factors of n(-1)?
36251
Suppose -67*v - 1743035 = -102*v. List the prime factors of v.
49801
Suppose -1 = 7*m - 22. Suppose 542 = 2*g + l, 5*g - 1381 = 7*l - m*l. What are the prime factors of g?
3, 7, 13
Let w(q) = 2240*q**2 - 1108*q - 13. List the prime factors of w(-4).
127, 317
Let a = 74046 + -107148. List the prime factors of a/(-30) + (-18)/45.
1103
Suppose -3*y = -4*u - 16656, -5*y - 65*u + 62*u + 27731 = 0. What are the prime factors of y?
2, 19, 73
Suppose 5*p + 51*a = 55*a + 408146, -3*a + 163217 = 2*p. List the prime factors of p.
2, 37, 1103
Suppose 0 = 3*w - 2*y - 98, -y + 1 = -2*y. What are the prime factors of (w/8 + (-87)/12)*-164?
13, 41
Suppose -107500 = -4*v + 3*b + 86525, 3*v + 5*b = 145555. List the prime factors of v.
2, 3, 5, 7, 11
Suppose -4*b = 17 - 1, 3*o = -3*b + 15. Let z(i) be the second derivative of i**3/2 + 23*i**2/2 - i. List the prime factors of z(o).
2, 5
Let x(t) = t**3 + 32*t**2 + 18*t + 38. Let j be x(-13). Suppose 12*u - 17*u - 3011 = -4*a, -u = -4*a + j. List the prime factors of a.
2, 13, 29
Suppose -66 = 4*v + 506. Let i = -144 - v. List the prime factors of (-2064)/(-21) + (i - (-5)/7).
2, 7
List the prime factors of (-14582*(-5)/(-10))/((-20)/160).
2, 23, 317
Let x be (82/(-6))/((-6)/(-36)). List the prime factors of (x/7)/(52/28 + -2).
2, 41
Suppose -2*p - 3*r = -5*r - 20, 0 = 2*p + 3*r + 5. Suppose -4*g - p*s + 198 = 0, -2*g - s + 73 = -23. Let b = g - 21. List the prime factors of b.
2, 13
Let u be (328/(-123))/((-4)/6). List the prime factors of 146700/126 + 3*u/(-42).
2, 3, 97
Suppose -c - 3*c = -4*x + 1064, -2*x + 553 = 5*c. Suppose a + r = x, -27*r + 30*r = 2*a - 553. List the prime factors of a.
2, 17
Let i be (-801)/9 - (2 - -1). Let a be (1/(-2))/((-1)/i). Let m = a - -60. What are the prime factors of m?
2, 7
Suppose -445332 + 3766619 = 103*c - 2734804. What are the prime factors of c?
3, 47, 139
Suppose 2230 = 5*d + n - 2*n, 2*d - 892 = 2*n. Let w = d + -194. What are the prime factors of w?
2, 3, 7
Let f(x) = -x**3 + 25*x**2 + 14*x + 46. Suppose n + 2*c = 3*n - 40, 0 = 2*n - 4*c - 32. List the prime factors of f(n).
2, 479
Suppose 0 = 244*b + 56*b - 7564500. List the prime factors of b.
3, 5, 41
Let s(z) be the second derivative of z**5/10 + z**4/6 + z**3/2 - 13*z**2 + 2*z. Let n be s(-6). Let b = -130 - n. List the prime factors of b.
2, 137
Suppose -25884 = -3*q - 15*q. Suppose -4*g + 318 + q = 0. List the prime factors of g.
439
Let x = 80 - 72. Let p be (-1)/8 - 647/x. Let r = -12 - p. What are the prime factors of r?
3, 23
Suppose y + 4*h = 44, -4*y - h + 132 = 4*h. What are the prime factors of 4/(-40)*y*-90?
2, 3, 7
Let y(l) = 5*l**2 - 137*l + 743. What are the prime factors of y(-61)?
3, 5, 1847
What are the prime factors of (-2)/(-12) - (513987/6)/(8 - 11)?
5, 5711
What are the prime factors of (-13 - -10)/((-3)/57465)?
3, 5, 1277
Let d(i) = 1006*i**3 - 16*i**2 + 59*i - 8. What are the prime factors of d(3)?
31, 877
Let c = 376 - 206. Suppose -l + c = -68. List the prime factors of l.
2, 7, 17
Let r be 5/(-25) + (208/20)/2. Suppose -3*j = -x + 38, 7*x - r*j = 6*x + 40. List the prime factors of x.
5, 7
Let g(k) = -k**3 + 46*k**2 + 713*k + 37. List the prime factors of g(56).
5, 1721
Suppose 3*y - 27 = 3*p, -2*y - 4*p - 1 = 11. Let r = 1099 + -809. Suppose 7*w - 2*w = -5*g + r, 0 = 5*w + y*g - 289. List the prime factors of w.
3, 19
Let n(v) = 6475*v - 1768. What are the prime factors of n(4)?
2, 3, 2011
Let h = -72 + 106. What are the prime factors of (-135)/(-18)*h/3?
5, 17
Let i(q) = -108*q - 296. Let x be i(-30). Suppose c - x = -22*c. List the prime factors of c.
2
Let v(i) = -331*i - 334. List the prime factors of v(-14).
2, 5, 43
Let a(t) = t**2 - 9*t - 17. Let y be a(11). Suppose -y*q = -34 + 14. Suppose 4*k = q*b + 356, b = k - b - 93. What are the prime factors of k?
5, 17
Let u = -10 - -220. Suppose 5*t - g - 40 = 0, 0 = 5*t - 7*g + 3*g - 55. Suppose -2*k = -t*k + u. What are the prime factors of k?
2, 3, 7
Suppose 115 = -2*v + d, 4*v + 6*d + 235 = 3*d. Let h = 78 + v. What are the prime factors of 0*(-5)/h - -138?
2, 3, 23
Let k(y) = 964*y - 6578. List the prime factors of k(34).
2, 13099
Suppose 0 = 5*j, -p - j + 23 = -19. Suppose -3*m = -7*m - d + 129, 4*d = 2*m - p. What are the prime factors of m?
31
Let k(c) = -c**3 - 33*c**2 + 1356*c + 40. What are the prime factors of k(23)?
2, 401
Let k = 705 + -697. Let i(r) = 14*r**2 - 31*r - 16. List the prime factors of i(k).
2, 79
Suppose 118*b - 130388 = 97*b + 123796. List the prime factors of b.
2, 17, 89
Let l(k) = 2*k**2 + 9*k + 170. Suppose -328*s + 327*s = -15. List the prime factors of l(s).
5, 151
Let n = -1704 - -5839. What are the prime factors of n?
5, 827
Let h = 467 + -672. Let o be (h/13)/(-5) + 2/(-13). Suppose o*q = 83 + 454. List the prime factors of q.
179
Suppose -12*d = 76*d - 1026608. List the prime factors of d.
2, 19, 307
Suppose 119*a - 110*a = 24687. What are the prime factors of a?
13, 211
Suppose m + 3 = h - 2, 5*h = -m + 1. Let l = m - -36. Let f = 85 + l. List the prime factors of f.
3, 13
Let v(c) = 629*c**2 + 166*c + 974. What are the prime factors of v(-6)?
2, 11311
Suppose -56 = -4*w + 2*p, 1 = w + 5*p - 2. Suppose 4664 = w*j - 5*j. Suppose k - j = -10*k. What are the prime factors of k?
53
Suppose -4*o + 3239 = -433. Let w = o + -510. What are the prime factors of w?
2, 3, 17
Suppose 0 = 5*x + 3*t - 3975, -1744*t - 3193 = -4*x - 1749*t. What are the prime factors of x?
2, 3, 11
Let v be (0 + -1 - 2) + (-35 - -31). Let i be 1*v/(-2)*(-8)/(-7). Let p(h) = h**3 + 2*h**2 + 10*h - 5. List the prime factors of p(i).
131
Suppose 0 = -2*q - 5*z + 13733, -27448 = -122*q + 118*q - 4*z. What are the prime factors of q?
19
Suppose -23549 = -32*y - 2013. List the prime factors of y.
673
Let f be 2 + -7*(3 - 4). Let z be 1180/15 + (-6)/f. Suppose a - c - 21 = 0, a - 5*a + z = -2*c. What are the prime factors of a?
2, 3
List the prime factors of ((-6)/(-9) - 1)/((-68)/1825188).
23, 389
Let w = -9338 + 17496. What are the prime factors of w?
2, 4079
Let g(m) = -2*m**2 - m - 110. Let l be g(0). Let o = -285 - l. Let b = -107 - o. What are the prime factors of b?
2, 17
Suppose -3*a = 3*o - 89442, -3*o - 5*a = -43915 - 45543. List the prime factors of o.
2, 7, 2129
Suppose -m + 2*d = -10, d - 3